 3. Let u be 1/(4/(-392)*-2). Let c = -54 + u. Give p(c).
18
Suppose 5*x - 10 = 0, l - 4*x - 17 = 10. Let p = l - 31. Let g(m) = -4*m + 3. Determine g(p).
-13
Let s be 4/1 + 25 + -38. Let b(k) = k**2 + 8*k + 6. Give b(s).
15
Let y(m) = m**3 - 10*m**2 - 10*m - 7. Let v be (-1210)/(-18) - 4*1/18. Suppose 11*w - 54 = v. Calculate y(w).
4
Let y(u) be the second derivative of -u**4/12 + 7*u**3/6 - 9*u**2/2 - 463*u. Calculate y(8).
-17
Let h(j) = -7 - 4*j**2 - 9*j + 5*j**2 - 2*j**2. Suppose -5*q = -4*p + 51, -8 = 4*q + 7*p - 2*p. Give h(q).
7
Let a(c) = c**2 - 10*c - 543. Let b be a(29). Let x(f) = -6*f - 1. Determine x(b).
-49
Let z(u) = -u**2 - 6*u + 4. Let x be z(-7). Let f = -5 - x. Let k(a) = -a**3 - 11*a**2 + 4*a**2 + 5*a**2 + 1. What is k(f)?
1
Let z(j) = -j**3 + 12*j**2 - 13*j + 1. Suppose -3*p + 1 = -q, 0 = 5*q - 0*q + 3*p - 67. What is z(q)?
-21
Let n = 2 + -23. Let a be -21*(2 - n/(-9)). Let j(v) = v**2 - 4*v - 10. Determine j(a).
11
Let n(z) = -2 + 3*z**2 - z**3 + z**2 + 7 - 3*z**2. Determine n(0).
5
Let i(v) be the third derivative of v**7/840 - v**6/90 - v**5/30 - v**4/4 - 8*v**3/3 - 28*v**2. Let t(s) be the first derivative of i(s). Calculate t(5).
-1
Suppose 2*c = 3*g + 14, -3*g - c = 17 - 6. Let k(r) = -r**3 - 3*r**2 + 2*r - 1. What is k(g)?
7
Let q(g) = g**2 - 3*g - 2. Let k be (3/(-9))/(2/42). Let l = -13 - k. Let d = -2 - l. Determine q(d).
2
Let n(f) = -f**3 + f**2 - f + 1. Let b(j) = 5*j**3 - 49*j**2 + 3*j - 2. Let t(q) = -b(q) - 3*n(q). Calculate t(23).
-1
Suppose 31 = -4*y + 5*f, 0 = -y + 17*f - 18*f - 1. Let v(s) = -5*s - 9. What is v(y)?
11
Let w = 4 - -2. Let m(s) = -21*s - 21*s + 44*s - w. Let n be ((-4)/10)/(2/(-20)). Calculate m(n).
2
Let k(v) = v**2 - 3*v + 3. Let p(n) = -n**3 - 13*n**2 + 14*n - 1. Let d be p(-14). Let r be (d/2)/((-6)/60). What is k(r)?
13
Let t(b) = -3*b - 2. Let c(u) = -2*u - 8. Let p be c(-3). Let d(v) = 4*v + 2. Let k(z) = p*d(z) - 3*t(z). Suppose 0 = y - 4 + 2. What is k(y)?
4
Let r(w) be the second derivative of -w**7/840 + w**6/360 + w**5/120 + w**4/4 - 2*w**3 + 10*w. Let a(k) be the second derivative of r(k). What is a(0)?
6
Let s be 5*(-3 + 4 + 1). Let g(w) = -w**2 + 11*w - 13. What is g(s)?
-3
Let m be (7/(-21))/((-3)/1152). Let o = -125 + m. Let u(g) = g**3 - 4*g**2. Calculate u(o).
-9
Let q(m) be the third derivative of m**5/60 - m**4/6 + m**3/2 - 18*m**2 - 3*m. What is q(2)?
-1
Let l(k) = -k. Let q(j) = 6*j - 9. Let w(p) = -4*l(p) - q(p). Determine w(6).
-3
Let t(a) = a**3 - 14*a**2 + 13*a + 7. Let v be t(13). Suppose -2*h - v = -11. Let y(k) = -9*k**h + 8*k**2 - 6*k + 2 + 4*k. Determine y(-3).
-1
Let w = -597 - -597. Let a(k) be the third derivative of 0 + 7*k**2 + 1/2*k**3 + w*k + 1/4*k**4. Give a(-2).
-9
Let m(w) = w + 13. Let u be (44/(-2))/(-5 + 7). Let x be m(u). Let d(q) = -3 - 3 + 10*q + 3*q**3 + 7*q**2 - x*q**3 - 4*q. Determine d(-6).
-6
Let f(p) be the third derivative of p**6/120 - 3*p**5/20 + 5*p**4/12 - 5*p**3/6 - 8*p**2 + 2. Calculate f(7).
-33
Let p(y) be the second derivative of -y**3/6 + y**2/2 - 3*y. Let k be p(-1). Let g(l) = -2 - 1 - 1 + k + 2*l**2 + l. What is g(-2)?
4
Let w(j) be the second derivative of -j**4/12 - j**3/6 + 9*j**2/2 + 19*j - 1. Determine w(0).
9
Suppose 2 = 4*t - 18. Suppose -9 = t*g - 2*g. Let q(r) = -2 - 2 + 3 + 5 + 3*r. Calculate q(g).
-5
Suppose 7*b = 9*b - 10. Let a(p) = -9*p**2 + 2*p - 2. Let d(w) = -5 - 14*w**2 - 5*w**2 + 5*w + 0*w**2. Let s(g) = b*a(g) - 2*d(g). Determine s(-1).
-7
Let z(h) be the third derivative of -h**4/24 + 108*h**2. Suppose -2*w = 1 + 11. Calculate z(w).
6
Suppose 5*w + y - 142 = 2*y, -130 = -5*w - 5*y. Let v = -24 + w. Let h(s) = -s**2 + 3*s + 1. What is h(v)?
-3
Suppose 0 = 5*l + 3*p - 7, -2*l - 5*p + 25 = -7*l. Let z(s) = -12*s**3 + 2*s**2 - 1. Calculate z(l).
13
Let h = -59 - -70. Let r(y) = 12*y**2 + h - 18*y**2 + y**3 + y**2 + 13*y**2 + 2*y. Give r(-8).
-5
Let r(k) be the second derivative of k**4/12 + 7*k**3/6 + 3*k**2/2 - 50*k + 1. Calculate r(-5).
-7
Suppose 3*y - b + 17 = -3*b, -4*y = 3*b + 23. Let l(v) = -3*v**2 + 7*v - 3. Let t(n) = -n**2 + 3*n - 1. Let z(g) = y*t(g) + 2*l(g). What is z(-2)?
-3
Let f(a) = 2*a**2 - 2*a. Let t be f(2). Let q(n) = 7*n**2 - 15*n + 3. Let u(g) = 4*g**2 - 8*g + 1. Let z(d) = 3*q(d) - 5*u(d). Give z(t).
0
Let a(q) = q**3 - 2*q + 3. Suppose 2*r - 1 = j - 6, 4*j = 3*r. Give a(j).
-18
Let v(m) be the first derivative of m**3/3 + 3*m**2 + 3*m - 660. Suppose 3*b + 6 = 2*b. What is v(b)?
3
Let w = -133 - -151. Let i(s) = 31*s + 4 - w*s - 17*s - 1. Let d be -2*(-1)/(-1) + 5. Calculate i(d).
-9
Let a(r) = -r - 2. Let n(b) = -8*b - 26. Let f(d) = 12*a(d) - n(d). Give f(5).
-18
Let x = 146 - 145. Let o(j) = -j + 1. Determine o(x).
0
Let m(z) be the second derivative of z**2 + 0 - 1/3*z**3 - 18*z. Calculate m(3).
-4
Suppose 0 = 4*k + 2*q - 4, 4*q = 4*k - 0 + 8. Suppose k = -4*d + 8 + 8. Suppose -d*a = -5*a - 8. Let r(f) = -f**3 - 7*f**2 + 8*f + 5. What is r(a)?
5
Let o be 3*(-1 - 14/6). Let h = 13 + o. Let m(n) = 3*n - h*n + 5 + n. Determine m(-4).
1
Let z be (-2)/11 + 72/33 + 6. Let j(x) = 5 + x - 1 + z. What is j(-11)?
1
Let k(c) = -319*c - 1 + 322*c + 1. Let j(q) = -7*q. Let y(f) = -2*j(f) - 5*k(f). Give y(-3).
3
Let j(g) = -2*g**2 - 8*g - 3. Let r be 6/4 + 13/(-2). Calculate j(r).
-13
Suppose 110 = o - 12*o. Let q be (168/140)/(0 + (-3)/o). Let z(f) = -f**2 + 4*f - 4. Calculate z(q).
-4
Let j(h) = -h**3 + 6*h**2 + 2*h - 3. Suppose 0 = -87*k + 86*k - 4*d + 22, 2*d = -2*k + 20. Calculate j(k).
9
Let c(u) be the second derivative of -u**4/12 - u**3/3 - 3*u**2 + u + 7. Give c(0).
-6
Let z(f) = -f + 5. Let q(k) = -1. Suppose 2*n + n = -4*r + 15, -2*r = 4*n. Let w be (-2)/(-4)*(4 - r). Let b(t) = w*z(t) + 2*q(t). Give b(7).
0
Let j(w) = 11 - 2*w**3 - 1251*w + 1252*w + w**3 - 1. Suppose -3*u - 20 = 4*t + 2*u, 0 = 3*t + 3*u + 12. Determine j(t).
10
Let x(c) be the first derivative of -c**4/4 + 2*c**3 - c**2 + 4*c + 1. Suppose -156 = -210*q + 184*q. What is x(q)?
-8
Let h(b) = -b**2 - 15*b - 4. Let j be h(-15). Let w(i) = -i**3 + 3*i**2 - 7*i - 6. Let t(g) = -g**3 + 2*g**2 - 8*g - 7. Let c(l) = j*w(l) + 3*t(l). Give c(4).
-13
Let y(d) = -19*d**2 + 42*d**3 + 16*d**2 - 5*d - 41*d**3 + 10 - 3. Determine y(4).
3
Suppose 50*i + 32 = 54*i. Let d(c) = -c**2 + 7*c + 1. Give d(i).
-7
Let z(h) be the first derivative of h**2/2 + 24*h + 34. Calculate z(-10).
14
Let u(i) = -4*i**3 + 6*i**2 - 2*i - 1. Let v(x) = 3*x**3 - 5*x**2 + 2*x + 1. Let a(d) = 4*u(d) + 5*v(d). Give a(2).
-7
Let o(i) be the third derivative of -i**5/60 + i**4/3 - 5*i**3/3 - 2*i**2. Let f be o(7). Let u(q) = 9*q - 4*q + 2*q**2 - 13 - q**2 + 11. What is u(f)?
-8
Let q(y) = 0*y**2 + 69 + 62 - 134 + y**2 - 2*y**2. What is q(0)?
-3
Suppose 2*p = 5*p + 5*l + 10, -5*p - 5*l = 10. Let b be 0 + -6 - p/2. Let u = -9 - b. Let q(k) = k**2 + 4*k + 2. Give q(u).
-1
Let f(b) be the third derivative of 0*b - 3/2*b**3 + 1/24*b**4 + 0 + 0*b**5 - 1/120*b**6 + 14*b**2. Calculate f(0).
-9
Let a(p) = -59*p**2 - 53*p**2 - 2*p - 53*p**2 + 167*p**2 + 1. Calculate a(2).
5
Let l(p) be the first derivative of -3*p**2 + 4*p - 16. Let d(t) = 3*t - 2. Let v(w) = 9*d(w) + 4*l(w). Calculate v(2).
4
Let i(g) = -g**2 - 2*g + 1. Suppose 10 = 9*c - 4*c. Suppose -3*m = c*m - 10. What is i(m)?
-7
Let w be (-4)/26 + 1272/156. Let r(h) be the first derivative of -1/2*h**2 + h + w. Determine r(5).
-4
Let s = 21 - 13. Suppose k = -k + s. Let p(r) = 4 - 13 + 7 + r + k*r**2. Calculate p(-2).
12
Let i(b) = -b**3 - 6*b**2 + 5*b - 13. Let q(s) = s**3 + 15*s**2 - 18*s - 39. Let w be q(-16). Determine i(w).
1
Let d(v) = 0*v**2 + 2*v**2 + 8*v**2 - 9*v**2 - 10*v + 9. Let g(a) = -2*a - 8. Let u be g(-7). Calculate d(u).
-15
Let s(n) be the third derivative of n**4/24 - 2*n**3/3 + n**2. Let u(l) = 4*l + 133. Let d be u(-34). Let o(g) = -g + 1. Let b be o(d). Determine s(b).
0
Let o(g) = g**3 - 4*g**2 - 3*g + 2. Let c(y) = -2*y. Let d be c(1). Let h be 5*(d/10 - -1). Calculate o(h).
-10
Let g(w) be the second derivative of -w**3/3 + 21*w**2/2 - 308*w. What is g(12)?
-3
Let l(a) be the first derivative of -a**2/2 - a - 85. Calculate l(-5).
4
Suppose 3*h = 11*h - 24. Let v(m) = 2*m**2 - 3*m - 4*m**3 + 5*m**3 + h - 1. Give v(-3).
2
Let w be 1 + (-1 - (4 - 2)) + -1. Let u(n) be the third deri